ppose -2*n - 15 = -5*t, -3*n + 2 = 2*t - 4. Suppose 0 = t*f - 0*f - 6. What are the prime factors of 0 - (-13 + (0 - f))?
3, 5
Suppose 1312 = 8*n - 4*n. What are the prime factors of n?
2, 41
Let x be (-3)/(-6)*10/(-1). Let h = -5 - x. Suppose -3*z - 2 - 11 = -b, 3*z + 3 = h. List the prime factors of b.
2, 5
Suppose 4*w - 23 = -7. What are the prime factors of ((-1)/w)/(14/(-2296))?
41
Let b = 82 - 48. List the prime factors of b.
2, 17
Let w(v) be the third derivative of 3*v**5/20 + v**4/24 + 2*v**2. List the prime factors of w(1).
2, 5
Suppose -8 = -2*o + 4*t, -4*t - 4 = -o - 2*o. Let d = -2 - o. What are the prime factors of d?
2
Let g(o) be the second derivative of -o**5/20 - 7*o**4/12 + 4*o**3/3 + 4*o**2 + 2*o. List the prime factors of g(-8).
2
List the prime factors of ((-221)/(-3))/(-5 + (-48)/(-9)).
13, 17
What are the prime factors of (-1 - -67) + 3/1 + 3?
2, 3
Suppose -3*f + 3*h + 36 = 0, -5*h + 3 = -f - h. What are the prime factors of f?
17
Let o(f) = -f**3 - 2*f**2 - 5*f - 4. Let d be o(-4). Let r = d - 67. Let k = 31 + r. List the prime factors of k.
2, 3
Let k(o) = -o**2 - 18*o + 29. List the prime factors of k(-13).
2, 47
Let x(i) = i**2 - 2*i + 48. What are the prime factors of x(0)?
2, 3
Let t = 147 - 55. List the prime factors of t.
2, 23
Let s be (-2)/(-3 + 4) + 6. Suppose -f = 2 - s, -3*c = -2*f - 104. What are the prime factors of c?
2, 3
Let g = 23 + -10. Let x = g - -19. List the prime factors of x.
2
Let q(z) = z**2 - 5*z. Let g be q(5). Suppose -w + 43 = 5*v, 2*v - 4 = 4*w - g*w. What are the prime factors of v?
2
Suppose q = -2*q. Suppose r - 13 + 10 = q. What are the prime factors of r?
3
Let k(w) = -w**3 - 5*w**2 - 2*w + 4. Let c be k(-4). List the prime factors of (-4)/1*c/8.
2
Let k(l) = l**3 + 4*l**2 + l - 3. Let a be k(-3). Suppose -16 = -o - a*o. Let u = 6 - o. What are the prime factors of u?
2
Suppose -115 = -5*t + 115. Let v = 34 + t. Suppose -2*j + v = 2*j. List the prime factors of j.
2, 5
Suppose -3*b = -8*b + 140. List the prime factors of b.
2, 7
Let z(b) = b**2 + 12*b - 7. Let x = 22 + -16. Let n(r) = -r**2 - 11*r + 7. Let a(q) = x*n(q) + 5*z(q). What are the prime factors of a(-5)?
2, 3
Suppose 0 = 3*r + 4*g - 101 - 37, -5*r = 5*g - 230. List the prime factors of r.
2, 23
Let y = 9 + -4. Let i be y/(-4) - 3/(-12). Let r = i - -4. What are the prime factors of r?
3
Let o be -19 + 4*1/2. Let g = o - -33. List the prime factors of g.
2
Suppose -4*l + 4*f - 32 = 0, 0 = -5*l + f - 6*f + 10. Let o = -1 - l. Suppose -2*b + 15 = 5*r, o*r + 4 = -2*b + 16. List the prime factors of b.
5
Suppose -5*f = -4*f - 1. Let k be ((-8)/12)/(f/(-9)). What are the prime factors of 8 - 1 - k/3?
5
Suppose 2*q + 2*t + 0*t - 310 = 0, -155 = -q - 2*t. What are the prime factors of q?
5, 31
Let x be 0 + (0 - -17 - -1). Suppose 2*h = z + 5, -3*h + 11 = -4*z - 19. Let f = z + x. What are the prime factors of f?
3
Let s(m) = 140*m**2 + 21*m + 21. Let w(c) = 14*c**2 + 2*c + 2. Let y(r) = -4*s(r) + 42*w(r). List the prime factors of y(-1).
2, 7
Let v = 0 + 2. Let s be 1/((-1)/(-6)*-1). List the prime factors of 10*v*s/(-10).
2, 3
Suppose 0 = 2*l - 1 + 11. Suppose r - 4 = 5. Let z = l + r. List the prime factors of z.
2
Suppose b + 0 + 1 = 0. Let g = -1 - b. Suppose g = 3*l + l + 16, 0 = -2*p - 5*l - 2. List the prime factors of p.
3
Suppose -4*n = -3 - 5, -2*f - n + 28 = 0. List the prime factors of f.
13
Suppose -5*b + 2*o + 519 = -2*o, 3*b - 4*o - 313 = 0. What are the prime factors of b?
103
Let x(f) be the first derivative of 13*f**3/3 + f**2 - f - 2. List the prime factors of x(1).
2, 7
Suppose -2*c + 950 = 8*c. What are the prime factors of c?
5, 19
Suppose -s = -w - 3*w + 13, 2*w - s - 9 = 0. Suppose -3*k = -w - 4. List the prime factors of k.
2
Let y(l) = l**3 - 4*l**2 + 4*l. Let j be y(4). Suppose 5*o - 4*h - 160 = 0, 2*o = o + 4*h + j. List the prime factors of o.
2, 3
Let n = 10 + -8. What are the prime factors of n?
2
Let v = 135 + -79. List the prime factors of v.
2, 7
Suppose 0 = 4*l - 152 - 12. Let o = l - 28. Let w = o + -7. What are the prime factors of w?
2, 3
Suppose 0 = 4*h - 5*f - 41, 0 = -2*f - f - 15. What are the prime factors of 2/8 - (-47)/h?
2, 3
List the prime factors of (3 + 68)*(4 - (0 - -1)).
3, 71
Let w = 341 + -165. List the prime factors of w.
2, 11
Suppose -2*w - 3*w - 150 = 0. Let b be 20/(-3)*36/w. Suppose 0 = o - 3*d - 25 + b, 34 = 2*o - 5*d. What are the prime factors of o?
17
Let p(x) = -4*x - 3 + 2 + 3*x - 1. Let w = -2 - 5. List the prime factors of p(w).
5
Suppose 0 = 4*d + 5*l - 172, 198 = 3*d + 2*d + 2*l. List the prime factors of d.
2, 19
Let b(t) = t**3 + 4*t**2 + 3. Let v be b(-4). Suppose 5*c - 78 = -3*u, -c = v*u + c - 69. Suppose 2 = 2*h, -2*h + 7*h + u = 2*k. List the prime factors of k.
13
Let k(r) = -5*r - 3. Let v(f) = -f + 2. Let p be v(5). List the prime factors of k(p).
2, 3
Suppose -4*g - 2*d + 30 = 0, -2 = -4*g + 3*d + 3. What are the prime factors of g?
5
Let p = -4 + -18. Let f = -2 + -6. Let n = f - p. What are the prime factors of n?
2, 7
Let o = -6 + 21. Suppose 2*c + 41 = 2*s - o, 5*s - 130 = -5*c. What are the prime factors of s?
3
Suppose 3*f + 2*f - 42 = -2*q, -56 = -3*q - 4*f. List the prime factors of q.
2
Let f(c) be the second derivative of c**4/12 - 3*c**3/2 - 7*c**2/2 + 2*c. Let z be f(10). What are the prime factors of (z/(-3))/((-3)/42)?
2, 7
Let g(r) = -3*r. Let t be g(-10). Suppose -d = 3 - t. Suppose -3*b - 6 = 3*c - d, -3*c = 4*b - 20. What are the prime factors of c?
2
List the prime factors of (-272)/(-85)*(0 - -15).
2, 3
What are the prime factors of (-2)/(4/94)*-1?
47
Let n(s) = s**2 - 16*s. What are the prime factors of n(20)?
2, 5
Let g(u) = -u - 4. Let o be g(-4). Suppose 0 = 4*c + 16, -w - c - 4*c - 3 = o. List the prime factors of w.
17
Let b be 3/3 + -3 + 58. Suppose 5*q = b - 11. What are the prime factors of q?
3
Let d(k) = -4 - k + 1 + 0. Let j be d(-3). Suppose j*x = 4*x - 12. List the prime factors of x.
3
Suppose -4*t + m = -210, 3 = -3*m - 3. List the prime factors of t.
2, 13
Suppose 0*a + 4*a = -32. Let r = a - -15. Let c(q) = -q + 14. List the prime factors of c(r).
7
Suppose 4*a - 174 = 2*a. List the prime factors of a.
3, 29
Suppose 4*l - 30 = -l - 2*c, 3*c - 30 = -5*l. Let v(a) = -a**3 + 5*a**2 + 6*a + 2. Let r be v(l). Suppose -r*i + 9 = -i. List the prime factors of i.
3
Let h = 170 - -50. What are the prime factors of h?
2, 5, 11
Let c = -11 - -5. Let t(n) = -n**3 - 6*n**2 - 3*n + 7. What are the prime factors of t(c)?
5
Suppose -5*s - 21 = -2*v, 3*s - 12 = 7*s. Let m(w) = v*w**2 + 2*w + 0*w**2 - 3 + 6. List the prime factors of m(-2).
11
Suppose 0 = -5*o - 58 + 8. Let d = o - -7. Let r(c) = c**3 + 5*c**2 + 3*c. What are the prime factors of r(d)?
3
List the prime factors of ((-10*4)/(-2))/(1/8).
2, 5
Suppose -2*i = -3 - 5. Suppose 2*d = 0, 3*o + 3*d + 1 = 10. Let p = o + i. What are the prime factors of p?
7
Suppose 2*b + 152 + 140 = 2*r, 3*b - 5*r + 434 = 0. List the prime factors of 6/14 + b/(-14).
11
Suppose -2*n = 2*n + b - 21, -2*n = -4*b + 12. Suppose n*o = -4*v - 16, v + 3*o + 14 = -0*o. Suppose v = 2*g - 15. What are the prime factors of g?
2
Let l = -38 + 56. Let u = -13 + l. Suppose -36 = -u*j + 2*j. What are the prime factors of j?
2, 3
Let p = -10 + 35. What are the prime factors of p?
5
Suppose 0 = -2*j + 4*j + 2. What are the prime factors of 5/((-5)/(-6)) + j?
5
List the prime factors of (255/(-6))/((-2)/4).
5, 17
Suppose 0*m - 2*k = 2*m, -2*m + 18 = -4*k. Suppose 47 = 2*p + 3*d, m = 2*d - 3*d. What are the prime factors of p?
2, 7
Let s be (-3)/(-2) + (-1)/(-2). Suppose 4*x - 4*k + 88 = 7*x, 5*k + 28 = s*x. List the prime factors of x.
2, 3
Suppose 0 = -2*j + 5*n + 111, 6*n + 303 = 5*j + 2*n. List the prime factors of j.
3, 7
Suppose 3*b + 0*b = -3. List the prime factors of 1*12 + (0 - b).
13
Let y(s) = -s**3 - s + 1. Let t(h) = 2*h**3 - 6*h**2 - 6*h + 9. Let r(d) = t(d) + y(d). Let z be r(7). Suppose -2*f - 4 = -z. List the prime factors of f.
3
Suppose 3*n = 2*n. Suppose 0 = -n*d + d - 18. List the prime factors of d.
2, 3
Suppose -2*g + 1 = -g. What are the prime factors of g/(0 - (-2)/38)?
19
Suppose 0 = -s + 5*i + 7, -3*s + 8 = -6*i + 4*i. Let a(r) be the third derivative of r**4/8 + r**3/3 - r**2.